{"id":298,"date":"2024-12-13T08:31:31","date_gmt":"2024-12-13T07:31:31","guid":{"rendered":"https:\/\/forum-transfrontalier.org\/de-l-infraordinaire\/?page_id=298"},"modified":"2024-12-13T16:40:04","modified_gmt":"2024-12-13T15:40:04","slug":"a-propos","status":"publish","type":"page","link":"https:\/\/forum-transfrontalier.org\/de-l-infraordinaire\/a-propos\/","title":{"rendered":"\u00e0 propos"},"content":{"rendered":"\t\t<div data-elementor-type=\"wp-page\" data-elementor-id=\"298\" class=\"elementor elementor-298\" data-elementor-settings=\"[]\">\n\t\t\t\t\t\t\t<div class=\"elementor-section-wrap\">\n\t\t\t\t\t\t\t<section class=\"elementor-section elementor-top-section elementor-element elementor-element-192b78a7 elementor-section-full_width elementor-section-height-default elementor-section-height-default\" data-id=\"192b78a7\" data-element_type=\"section\">\n\t\t\t\t\t\t<div class=\"elementor-container elementor-column-gap-default\">\n\t\t\t\t\t<div class=\"elementor-column elementor-col-50 elementor-top-column elementor-element elementor-element-1c79155e\" data-id=\"1c79155e\" data-element_type=\"column\" id=\"images\">\n\t\t\t<div class=\"elementor-widget-wrap elementor-element-populated\">\n\t\t\t\t\t\t\t\t<section class=\"elementor-section elementor-inner-section elementor-element elementor-element-77258cfc elementor-section-full_width elementor-section-height-min-height elementor-section-height-default\" data-id=\"77258cfc\" data-element_type=\"section\">\n\t\t\t\t\t\t<div class=\"elementor-container elementor-column-gap-default\">\n\t\t\t\t\t<div class=\"elementor-column elementor-col-50 elementor-inner-column elementor-element elementor-element-2340585a elementor-invisible\" data-id=\"2340585a\" data-element_type=\"column\" data-settings=\"{&quot;background_background&quot;:&quot;classic&quot;,&quot;animation&quot;:&quot;fadeIn&quot;}\">\n\t\t\t<div class=\"elementor-widget-wrap elementor-element-populated\">\n\t\t\t\t\t\t\t\t<div class=\"elementor-element elementor-element-a1a4a02 elementor-widget elementor-widget-image\" data-id=\"a1a4a02\" data-element_type=\"widget\" data-settings=\"{&quot;_animation&quot;:&quot;none&quot;}\" data-widget_type=\"image.default\">\n\t\t\t\t<div class=\"elementor-widget-container\">\n\t\t\t\t\t\t\t\t\t\t\t\t\t\t\t<img loading=\"lazy\" decoding=\"async\" width=\"768\" height=\"1024\" src=\"https:\/\/forum-transfrontalier.org\/de-l-infraordinaire\/wp-content\/uploads\/2024\/12\/Monika-Bonvicini-768x1024.jpg\" class=\"attachment-large size-large\" alt=\"\" srcset=\"https:\/\/forum-transfrontalier.org\/de-l-infraordinaire\/wp-content\/uploads\/2024\/12\/Monika-Bonvicini-768x1024.jpg 768w, https:\/\/forum-transfrontalier.org\/de-l-infraordinaire\/wp-content\/uploads\/2024\/12\/Monika-Bonvicini-225x300.jpg 225w, https:\/\/forum-transfrontalier.org\/de-l-infraordinaire\/wp-content\/uploads\/2024\/12\/Monika-Bonvicini-1152x1536.jpg 1152w, https:\/\/forum-transfrontalier.org\/de-l-infraordinaire\/wp-content\/uploads\/2024\/12\/Monika-Bonvicini.jpg 1500w\" sizes=\"auto, (max-width: 768px) 100vw, 768px\" \/>\t\t\t\t\t\t\t\t\t\t\t\t\t\t\t<\/div>\n\t\t\t\t<\/div>\n\t\t\t\t<div class=\"elementor-element elementor-element-af5d745 legendes elementor-widget elementor-widget-text-editor\" data-id=\"af5d745\" data-element_type=\"widget\" data-widget_type=\"text-editor.default\">\n\t\t\t\t<div class=\"elementor-widget-container\">\n\t\t\t\t\t\t\t\t\n\nMonica Bonvicini&thinsp;: No rest # 6, 2021\n\n\t\t\t\t\t\t<\/div>\n\t\t\t\t<\/div>\n\t\t\t\t\t<\/div>\n\t\t<\/div>\n\t\t\t\t<div class=\"elementor-column elementor-col-50 elementor-inner-column elementor-element elementor-element-15f3a8f elementor-invisible\" data-id=\"15f3a8f\" data-element_type=\"column\" data-settings=\"{&quot;background_background&quot;:&quot;classic&quot;,&quot;animation&quot;:&quot;fadeIn&quot;}\">\n\t\t\t<div class=\"elementor-widget-wrap elementor-element-populated\">\n\t\t\t\t\t\t\t\t<div class=\"elementor-element elementor-element-484ecb0 elementor-widget elementor-widget-image\" data-id=\"484ecb0\" data-element_type=\"widget\" data-settings=\"{&quot;_animation&quot;:&quot;none&quot;}\" data-widget_type=\"image.default\">\n\t\t\t\t<div class=\"elementor-widget-container\">\n\t\t\t\t\t\t\t\t\t\t\t\t\t\t\t<img loading=\"lazy\" decoding=\"async\" width=\"768\" height=\"1024\" src=\"https:\/\/forum-transfrontalier.org\/de-l-infraordinaire\/wp-content\/uploads\/2024\/12\/Maude-Schneider-768x1024.jpg\" class=\"attachment-large size-large\" alt=\"\" srcset=\"https:\/\/forum-transfrontalier.org\/de-l-infraordinaire\/wp-content\/uploads\/2024\/12\/Maude-Schneider-768x1024.jpg 768w, https:\/\/forum-transfrontalier.org\/de-l-infraordinaire\/wp-content\/uploads\/2024\/12\/Maude-Schneider-225x300.jpg 225w, https:\/\/forum-transfrontalier.org\/de-l-infraordinaire\/wp-content\/uploads\/2024\/12\/Maude-Schneider-1152x1536.jpg 1152w, https:\/\/forum-transfrontalier.org\/de-l-infraordinaire\/wp-content\/uploads\/2024\/12\/Maude-Schneider.jpg 1500w\" sizes=\"auto, (max-width: 768px) 100vw, 768px\" \/>\t\t\t\t\t\t\t\t\t\t\t\t\t\t\t<\/div>\n\t\t\t\t<\/div>\n\t\t\t\t<div class=\"elementor-element elementor-element-b65196a legendes elementor-widget elementor-widget-text-editor\" data-id=\"b65196a\" data-element_type=\"widget\" data-widget_type=\"text-editor.default\">\n\t\t\t\t<div class=\"elementor-widget-container\">\n\t\t\t\t\t\t\t\t\nMaude Schneider&thinsp;: Roulement de canon, 2009\t\t\t\t\t\t<\/div>\n\t\t\t\t<\/div>\n\t\t\t\t\t<\/div>\n\t\t<\/div>\n\t\t\t\t\t\t\t<\/div>\n\t\t<\/section>\n\t\t\t\t\t<\/div>\n\t\t<\/div>\n\t\t\t\t<div class=\"elementor-column elementor-col-50 elementor-top-column elementor-element elementor-element-3102ee8f\" data-id=\"3102ee8f\" data-element_type=\"column\" id=\"textes\">\n\t\t\t<div class=\"elementor-widget-wrap elementor-element-populated\">\n\t\t\t\t\t\t\t\t<div class=\"elementor-element elementor-element-6ca53bd1 elementor-widget elementor-widget-text-editor\" data-id=\"6ca53bd1\" data-element_type=\"widget\" data-widget_type=\"text-editor.default\">\n\t\t\t\t<div class=\"elementor-widget-container\">\n\t\t\t\t\t\t\t\t<h1><strong>Le banal<\/strong><\/h1><h1>Une tentative de contextualisation du ph\u00e9nom\u00e8ne de l\u2019ordinaire<\/h1><p><strong>Walter Tschopp<\/strong><\/p><p>La repr\u00e9sentation imagi\u00e8re de la soci\u00e9t\u00e9, dans son histoire tourment\u00e9e, a pass\u00e9 des grandes sc\u00e8nes religieuses (Giotto, Piero della Francesca) aux grandes sc\u00e8nes historiques (les conqu\u00eates de Louis XIV), se focalisant d\u00e8s le 19<sup>\u00e8me<\/sup> si\u00e8cle de plus en plus sur les sc\u00e8nes de genre, donc la vie plus quotidienne, pour aboutir finalement dans la soci\u00e9t\u00e9 postmoderne \u00e0 la mise en sc\u00e8ne des choses les plus insignifiantes.<\/p><p>Au moment o\u00f9 Georges Perec publie son petit trait\u00e9 \u00ab\u00a0l\u2019infra-ordinaire\u00a0\u00bb, cet int\u00e9r\u00eat pour \u00ab\u00a0le banal, le quotidien, l\u2019\u00e9vident, le commun, l\u2019ordinaire\u2026\u00a0\u00bb<a href=\"#_ftn1\" name=\"_ftnref1\">[1]<\/a> est en route. Je me rappelle d\u2019avoir donn\u00e9 le titre \u00ab\u00a0Le d\u00e9tournement du quotidien\u00a0\u00bb au petit guide de l\u2019exposition des Laur\u00e9ates et laur\u00e9ats du concours suisse des beaux-arts de 1994 que j\u2019avais le plaisir d\u2019exposer au Mus\u00e9e d\u2019art et d\u2019histoire de Neuch\u00e2tel (MAHN). C\u2019est dans ces ann\u00e9es-l\u00e0 que le quotidien a p\u00e9n\u00e9tr\u00e9 largement le champ des beaux-arts, li\u00e9 souvent \u00e0 une forme de d\u00e9calage ou d\u2019ironie.<\/p><p>Aujourd\u2019hui, cet int\u00e9r\u00eat est encore croissant. Voyez le Print digital <em>No rest # 6<\/em> de 2021 de Monica Bonvicini, un multiple de 5 exemplaires, qui nous montre un vieux Jeans retourn\u00e9 et froiss\u00e9 et que la Galerie d\u2019art renomm\u00e9e Kilchmann de Zurich a propos\u00e9 dans ses locaux en 2021 pour 9000 \u20ac. Ou alors, plus pr\u00e8s de nous, la petite sculpture de Maude Schneider\u00a0: \u00a0<em>Roulement de canon<\/em>, 2009, pr\u00e9sent\u00e9e dans l\u2019exposition <em>Mouvements<\/em> du MAHN, accompagn\u00e9 de ce commentaire\u00a0: \u00ab\u00a0Exploratrice du quotidien, la c\u00e9ramiste Maude Schneider a moul\u00e9 et agrandi la roulette d\u2019un fauteuil de bureau qui, isol\u00e9 ainsi, prend des airs de canon. D\u00e9tourn\u00e9 ainsi de sa fonction premi\u00e8re, l\u2019objet invite le public \u00e0 consid\u00e9rer le fait que la guerre souvent se d\u00e9cide, ou dans le meilleur des cas se r\u00e9sout, dans un endroit confortable et confin\u00e9 (\u2026).\u00a0\u00bb C\u2019est l\u00e0 encore une fa\u00e7on de d\u00e9tournement du quotidien.<\/p><p>L\u2019ordinaire, le quotidien, serait-il devenu le seul d\u00e9nominateur commun dans des soci\u00e9t\u00e9s de plus en plus cliv\u00e9es\u00a0? Il est en effet significatif de constater que les prises de vues photographiques r\u00e9alis\u00e9es par Giovanni Maggiora, Claires Mosdier, Xavier No\u00ebl et Pascale Brenet semblent r\u00e9ussir ce d\u00e9fi remarquable que d\u2019effacer les diff\u00e9rences entre les communaut\u00e9s citoyennes du Jura suisse et fran\u00e7ais au profit d\u2019une iconographie basique plus ou moins commune. Une iconographie qui simplement rend hommage aux situations les plus quotidiennes et aux objets les plus banals que les hommes et les femmes des deux c\u00f4t\u00e9s de la fronti\u00e8re ont v\u00e9cus, ont r\u00e9alis\u00e9s ou r\u00e9alisent encore.<\/p><p>Reste \u00e0 signaler ici la diff\u00e9rence, importante, entre des photographies ordinaires et les photographies DE l\u2019ordinaire. De toute \u00e9vidence, il s\u2019agit ici de la deuxi\u00e8me cat\u00e9gorie d\u2019images. Prises avec pr\u00e9caution, cadr\u00e9es avec soin, r\u00e9alis\u00e9es dans une lumi\u00e8re ad\u00e9quate, ces images ne sont pas ordinaires en tant que telles et <em>t\u00e9moignent<\/em> simplement de l\u2019ordinaire. Je rappelle ici, a contrario, la tentative d\u2019\u00e9chapper \u00e0 l\u2019extraordinaire par la prise de vue photographique elle-m\u00eame que des \u00e9tudiants autrichiens avaient tent\u00e9 en 1991 \u2013 quasiment en m\u00eame temps que la publication du trait\u00e9 de Perec \u2013 par l\u2019achat d\u2019un appareil photographique LOMO sur le march\u00e9 aux puces de Prague qui les avaient conduit de cr\u00e9er en 1992 \u00e0 Vienne la <em>Lomographic Society International <\/em>qui mettait en place dix r\u00e8gles d\u2019or sur la base de la devise\u00a0: \u00ab\u00a0Ne pensez pas, photographiez\u00a0\u00bb\u00a0:<\/p><ol><li>Prenez votre appareil partout avec vous.<\/li><li>Photographiez de jour comme de nuit.<\/li><li>Lomography, c\u2019est plus qu\u2019un simple passage dans votre vie.<\/li><li>Essayez de photographier sans viser.<\/li><li>Approchez-vous au maximum de vos sujets.<\/li><li>Ne r\u00e9fl\u00e9chissez pas.<\/li><li>Soyez rapides.<\/li><li>Ne pensez pas trop \u00e0 ce que vous voulez prendre en photo.<\/li><li>Laissez-vous surprendre apr\u00e8s.<\/li><li>Ne vous souciez pas de r\u00e8gles.<\/li><\/ol><p>\u00a0<\/p><p>Cette pratique d\u00e9passait \u00e9videmment le projet de Perec qui, lui, veillait en homme lettr\u00e9 de respecter les r\u00e8gles de la langue fran\u00e7aise. Ce qui nous permet de constater que son propos traitait plut\u00f4t \u00ab\u00a0De l\u2019infra-ordinaire\u00a0\u00bb que de s\u2019installer dans \u00ab\u00a0l\u2019infra-ordinaire\u00a0\u00bb en tant que tel.<\/p><p>\u00a0C\u2019est ainsi que les quatre photographes de notre projet se retrouvent dans cette distance critique, face \u00e0 ce que \u00ab\u00a0l\u2019ordinaire\u00a0\u00bb semble \u00eatre. Mais n\u2019oublions pas que l\u2019art est toujours une affaire de significations. Derri\u00e8re l\u2019apparente banalit\u00e9 des objets photographi\u00e9s, il y a des hommes et des femmes qui ont eu des id\u00e9es, qui les ont mis en pratique et qui ont ainsi laiss\u00e9 des traces tangibles qui constituent notre monde.<br \/><br \/><\/p><p>Walter Tschopp<br \/>Historien de l\u2019art<br \/>Membre du comit\u00e9 du Forum transfrontalier<br \/><br \/><\/p><p><a href=\"#_ftnref1\" name=\"_ftn1\">[1]<\/a> \u00c9ditions du Seuil, 1989, page 11.<br \/><br \/><\/p>\t\t\t\t\t\t<\/div>\n\t\t\t\t<\/div>\n\t\t\t\t\t<\/div>\n\t\t<\/div>\n\t\t\t\t\t\t\t<\/div>\n\t\t<\/section>\n\t\t\t\t<section class=\"elementor-section elementor-top-section elementor-element elementor-element-200047ff elementor-section-full_width elementor-section-height-default elementor-section-height-default\" data-id=\"200047ff\" data-element_type=\"section\">\n\t\t\t\t\t\t<div class=\"elementor-container elementor-column-gap-default\">\n\t\t\t\t\t\t\t\t<\/div>\n\t\t<\/section>\n\t\t\t\t\t\t<\/div>\n\t\t\t\t\t<\/div>\n\t\t","protected":false},"excerpt":{"rendered":"<p>Monica Bonvicini&thinsp;: No rest # 6, 2021 Maude Schneider&thinsp;: Roulement de canon, 2009 Le banal Une tentative de contextualisation du ph\u00e9nom\u00e8ne de l\u2019ordinaire Walter Tschopp La repr\u00e9sentation imagi\u00e8re de la soci\u00e9t\u00e9, dans son histoire tourment\u00e9e, a pass\u00e9 des grandes sc\u00e8nes religieuses (Giotto, Piero della Francesca) aux grandes sc\u00e8nes historiques (les conqu\u00eates de Louis XIV), se [&hellip;]<\/p>\n","protected":false},"author":1,"featured_media":0,"parent":0,"menu_order":0,"comment_status":"closed","ping_status":"closed","template":"","meta":{"footnotes":""},"class_list":["post-298","page","type-page","status-publish","hentry"],"_links":{"self":[{"href":"https:\/\/forum-transfrontalier.org\/de-l-infraordinaire\/wp-json\/wp\/v2\/pages\/298","targetHints":{"allow":["GET"]}}],"collection":[{"href":"https:\/\/forum-transfrontalier.org\/de-l-infraordinaire\/wp-json\/wp\/v2\/pages"}],"about":[{"href":"https:\/\/forum-transfrontalier.org\/de-l-infraordinaire\/wp-json\/wp\/v2\/types\/page"}],"author":[{"embeddable":true,"href":"https:\/\/forum-transfrontalier.org\/de-l-infraordinaire\/wp-json\/wp\/v2\/users\/1"}],"replies":[{"embeddable":true,"href":"https:\/\/forum-transfrontalier.org\/de-l-infraordinaire\/wp-json\/wp\/v2\/comments?post=298"}],"version-history":[{"count":19,"href":"https:\/\/forum-transfrontalier.org\/de-l-infraordinaire\/wp-json\/wp\/v2\/pages\/298\/revisions"}],"predecessor-version":[{"id":565,"href":"https:\/\/forum-transfrontalier.org\/de-l-infraordinaire\/wp-json\/wp\/v2\/pages\/298\/revisions\/565"}],"wp:attachment":[{"href":"https:\/\/forum-transfrontalier.org\/de-l-infraordinaire\/wp-json\/wp\/v2\/media?parent=298"}],"curies":[{"name":"wp","href":"https:\/\/api.w.org\/{rel}","templated":true}]}}